{"id":99,"date":"2024-02-26T12:01:25","date_gmt":"2024-02-26T12:01:25","guid":{"rendered":"https:\/\/fasi-haller.de\/?page_id=99"},"modified":"2024-02-26T12:01:25","modified_gmt":"2024-02-26T12:01:25","slug":"dsgvo","status":"publish","type":"page","link":"https:\/\/fasi-haller.de\/index.php\/dsgvo\/","title":{"rendered":"DSGVO"},"content":{"rendered":"<div class=\"\" style=\"\" >\n    \n    <section class=\"u-align-left u-clearfix u-section-2\" id=\"sec-70e0\">\n      <div class=\"u-clearfix u-sheet u-sheet-1\">\n        <div class=\"fr-view u-clearfix u-rich-text u-text u-text-1\">\n          <h2 style=\"text-align: left;\">\n            <br>\n          <\/h2>\n          <h1 id=\"isPasted\">Datenschutzerkl\u00e4rung (DSGVO)<\/h1>\n          <h2>\n            <span style=\"font-weight: 700;\">1. Verantwortliche Stelle<\/span>\n          <\/h2>\n          <p>Verantwortlich f\u00fcr die Verarbeitung personenbezogener Daten auf dieser Webseite ist:<\/p>\n          <p>FASI Haller<br>Richard Haller, Abt-Williram-Str. 35, 85560 Ebersberg, Telefon +49 (0) 170 2271061\n          <\/p>\n          <h2>\n            <span style=\"font-weight: 700;\">2. Erhebung und Verarbeitung personenbezogener Daten<\/span>\n          <\/h2>\n          <h3>2.1. Besuch der Webseite<\/h3>\n          <p>Beim Besuch unserer Webseite werden automatisch technische Informationen erfasst, wie z. B. IP-Adresse, Browsertyp, Datum und Uhrzeit des Zugriffs. Diese Daten dienen ausschlie\u00dflich statistischen Zwecken und zur Verbesserung der Webseite.<\/p>\n          <h3>2.2. Kontaktformular<\/h3>\n          <p>Wenn Sie unser Kontaktformular verwenden, erheben wir personenbezogene Daten wie Name, E-Mail-Adresse und Nachricht. Diese Daten verwenden wir ausschlie\u00dflich zur Bearbeitung Ihrer Anfrage.<\/p>\n          <h3>3. Rechtsgrundlage der Verarbeitung<\/h3>\n          <p>Die Verarbeitung personenbezogener Daten erfolgt auf Grundlage der Datenschutz-Grundverordnung (DSGVO). Die Rechtsgrundlage f\u00fcr die Verarbeitung ergibt sich aus Art. 6 DSGVO.<\/p>\n          <h3>4. Ihre Rechte<\/h3>\n          <p>Sie haben das Recht auf Auskunft, Berichtigung, L\u00f6schung und Einschr\u00e4nkung der Verarbeitung Ihrer personenbezogenen Daten. Bitte kontaktieren Sie uns dazu \u00fcber die angegebenen Kontaktdaten.<\/p>\n        <\/div>\n      <\/div>\n    <\/section>\n    \n    \n    \n    \n  \n<\/div>","protected":false},"excerpt":{"rendered":"<p>Datenschutzerkl\u00e4rung (DSGVO) 1. Verantwortliche Stelle Verantwortlich f\u00fcr die Verarbeitung personenbezogener Daten auf dieser Webseite ist: FASI HallerRichard Haller, Abt-Williram-Str. 35, 85560 Ebersberg, Telefon +49 (0) 170 2271061 2. Erhebung und Verarbeitung personenbezogener Daten 2.1. Besuch der Webseite Beim Besuch unserer Webseite werden automatisch technische Informationen erfasst, wie z. B. IP-Adresse, Browsertyp, Datum und Uhrzeit des [&hellip;]<\/p>\n","protected":false},"author":1,"featured_media":0,"parent":0,"menu_order":0,"comment_status":"closed","ping_status":"closed","template":"","meta":{"footnotes":""},"class_list":["post-99","page","type-page","status-publish","hentry"],"yoast_head":"<!-- This site is optimized with the Yoast SEO plugin v27.3 - https:\/\/yoast.com\/product\/yoast-seo-wordpress\/ -->\n<title>DSGVO -<\/title>\n<meta name=\"robots\" content=\"index, follow, max-snippet:-1, max-image-preview:large, max-video-preview:-1\" \/>\n<link rel=\"canonical\" href=\"https:\/\/fasi-haller.de\/index.php\/dsgvo\/\" \/>\n<meta property=\"og:locale\" content=\"de_DE\" \/>\n<meta property=\"og:type\" content=\"article\" \/>\n<meta property=\"og:title\" content=\"DSGVO -\" \/>\n<meta property=\"og:description\" content=\"Datenschutzerkl\u00e4rung (DSGVO) 1. Verantwortliche Stelle Verantwortlich f\u00fcr die Verarbeitung personenbezogener Daten auf dieser Webseite ist: FASI HallerRichard Haller, Abt-Williram-Str. 35, 85560 Ebersberg, Telefon +49 (0) 170 2271061 2. Erhebung und Verarbeitung personenbezogener Daten 2.1. Besuch der Webseite Beim Besuch unserer Webseite werden automatisch technische Informationen erfasst, wie z. B. IP-Adresse, Browsertyp, Datum und Uhrzeit des [&hellip;]\" \/>\n<meta property=\"og:url\" content=\"https:\/\/fasi-haller.de\/index.php\/dsgvo\/\" \/>\n<meta name=\"twitter:card\" content=\"summary_large_image\" \/>\n<meta name=\"twitter:label1\" content=\"Gesch\u00e4tzte Lesezeit\" \/>\n\t<meta name=\"twitter:data1\" content=\"1\u00a0Minute\" \/>\n<script type=\"application\/ld+json\" class=\"yoast-schema-graph\">{\"@context\":\"https:\\\/\\\/schema.org\",\"@graph\":[{\"@type\":\"WebPage\",\"@id\":\"https:\\\/\\\/fasi-haller.de\\\/index.php\\\/dsgvo\\\/\",\"url\":\"https:\\\/\\\/fasi-haller.de\\\/index.php\\\/dsgvo\\\/\",\"name\":\"DSGVO -\",\"isPartOf\":{\"@id\":\"https:\\\/\\\/fasi-haller.de\\\/#website\"},\"datePublished\":\"2024-02-26T12:01:25+00:00\",\"inLanguage\":\"de\",\"potentialAction\":[{\"@type\":\"ReadAction\",\"target\":[\"https:\\\/\\\/fasi-haller.de\\\/index.php\\\/dsgvo\\\/\"]}]},{\"@type\":\"WebSite\",\"@id\":\"https:\\\/\\\/fasi-haller.de\\\/#website\",\"url\":\"https:\\\/\\\/fasi-haller.de\\\/\",\"name\":\"Arbeitssicherheit Haller\",\"description\":\"\",\"publisher\":{\"@id\":\"https:\\\/\\\/fasi-haller.de\\\/#organization\"},\"potentialAction\":[{\"@type\":\"SearchAction\",\"target\":{\"@type\":\"EntryPoint\",\"urlTemplate\":\"https:\\\/\\\/fasi-haller.de\\\/?s={search_term_string}\"},\"query-input\":{\"@type\":\"PropertyValueSpecification\",\"valueRequired\":true,\"valueName\":\"search_term_string\"}}],\"inLanguage\":\"de\"},{\"@type\":\"Organization\",\"@id\":\"https:\\\/\\\/fasi-haller.de\\\/#organization\",\"name\":\"Arbeitssicherheit Richard Haller\",\"url\":\"https:\\\/\\\/fasi-haller.de\\\/\",\"logo\":{\"@type\":\"ImageObject\",\"inLanguage\":\"de\",\"@id\":\"https:\\\/\\\/fasi-haller.de\\\/#\\\/schema\\\/logo\\\/image\\\/\",\"url\":\"https:\\\/\\\/fasi-haller.de\\\/wp-content\\\/uploads\\\/2024\\\/02\\\/LogoWeb.gif\",\"contentUrl\":\"https:\\\/\\\/fasi-haller.de\\\/wp-content\\\/uploads\\\/2024\\\/02\\\/LogoWeb.gif\",\"width\":259,\"height\":259,\"caption\":\"Arbeitssicherheit Richard Haller\"},\"image\":{\"@id\":\"https:\\\/\\\/fasi-haller.de\\\/#\\\/schema\\\/logo\\\/image\\\/\"}}]}<\/script>\n<!-- \/ Yoast SEO plugin. -->","yoast_head_json":{"title":"DSGVO -","robots":{"index":"index","follow":"follow","max-snippet":"max-snippet:-1","max-image-preview":"max-image-preview:large","max-video-preview":"max-video-preview:-1"},"canonical":"https:\/\/fasi-haller.de\/index.php\/dsgvo\/","og_locale":"de_DE","og_type":"article","og_title":"DSGVO -","og_description":"Datenschutzerkl\u00e4rung (DSGVO) 1. Verantwortliche Stelle Verantwortlich f\u00fcr die Verarbeitung personenbezogener Daten auf dieser Webseite ist: FASI HallerRichard Haller, Abt-Williram-Str. 35, 85560 Ebersberg, Telefon +49 (0) 170 2271061 2. Erhebung und Verarbeitung personenbezogener Daten 2.1. Besuch der Webseite Beim Besuch unserer Webseite werden automatisch technische Informationen erfasst, wie z. B. IP-Adresse, Browsertyp, Datum und Uhrzeit des [&hellip;]","og_url":"https:\/\/fasi-haller.de\/index.php\/dsgvo\/","twitter_card":"summary_large_image","twitter_misc":{"Gesch\u00e4tzte Lesezeit":"1\u00a0Minute"},"schema":{"@context":"https:\/\/schema.org","@graph":[{"@type":"WebPage","@id":"https:\/\/fasi-haller.de\/index.php\/dsgvo\/","url":"https:\/\/fasi-haller.de\/index.php\/dsgvo\/","name":"DSGVO -","isPartOf":{"@id":"https:\/\/fasi-haller.de\/#website"},"datePublished":"2024-02-26T12:01:25+00:00","inLanguage":"de","potentialAction":[{"@type":"ReadAction","target":["https:\/\/fasi-haller.de\/index.php\/dsgvo\/"]}]},{"@type":"WebSite","@id":"https:\/\/fasi-haller.de\/#website","url":"https:\/\/fasi-haller.de\/","name":"Arbeitssicherheit Haller","description":"","publisher":{"@id":"https:\/\/fasi-haller.de\/#organization"},"potentialAction":[{"@type":"SearchAction","target":{"@type":"EntryPoint","urlTemplate":"https:\/\/fasi-haller.de\/?s={search_term_string}"},"query-input":{"@type":"PropertyValueSpecification","valueRequired":true,"valueName":"search_term_string"}}],"inLanguage":"de"},{"@type":"Organization","@id":"https:\/\/fasi-haller.de\/#organization","name":"Arbeitssicherheit Richard Haller","url":"https:\/\/fasi-haller.de\/","logo":{"@type":"ImageObject","inLanguage":"de","@id":"https:\/\/fasi-haller.de\/#\/schema\/logo\/image\/","url":"https:\/\/fasi-haller.de\/wp-content\/uploads\/2024\/02\/LogoWeb.gif","contentUrl":"https:\/\/fasi-haller.de\/wp-content\/uploads\/2024\/02\/LogoWeb.gif","width":259,"height":259,"caption":"Arbeitssicherheit Richard Haller"},"image":{"@id":"https:\/\/fasi-haller.de\/#\/schema\/logo\/image\/"}}]}},"_links":{"self":[{"href":"https:\/\/fasi-haller.de\/index.php\/wp-json\/wp\/v2\/pages\/99","targetHints":{"allow":["GET"]}}],"collection":[{"href":"https:\/\/fasi-haller.de\/index.php\/wp-json\/wp\/v2\/pages"}],"about":[{"href":"https:\/\/fasi-haller.de\/index.php\/wp-json\/wp\/v2\/types\/page"}],"author":[{"embeddable":true,"href":"https:\/\/fasi-haller.de\/index.php\/wp-json\/wp\/v2\/users\/1"}],"replies":[{"embeddable":true,"href":"https:\/\/fasi-haller.de\/index.php\/wp-json\/wp\/v2\/comments?post=99"}],"version-history":[{"count":2,"href":"https:\/\/fasi-haller.de\/index.php\/wp-json\/wp\/v2\/pages\/99\/revisions"}],"predecessor-version":[{"id":102,"href":"https:\/\/fasi-haller.de\/index.php\/wp-json\/wp\/v2\/pages\/99\/revisions\/102"}],"wp:attachment":[{"href":"https:\/\/fasi-haller.de\/index.php\/wp-json\/wp\/v2\/media?parent=99"}],"curies":[{"name":"wp","href":"https:\/\/api.w.org\/{rel}","templated":true}]}}